 m. Let c be s(1). What is the highest common divisor of 740 and c?
20
Let l be (493/87)/17 + 16730/3. Calculate the greatest common factor of 165 and l.
33
Suppose 4*x - 224 = -3*s + 6*s, 150 = -2*s + 3*x. Let f = s + 113. Let q = 346 - 141. What is the highest common factor of q and f?
41
Let q(x) = 4*x**2 + 10. Let t be q(-3). Suppose -798 = -7*z + 7. Calculate the greatest common factor of z and t.
23
Let t(i) be the second derivative of 8*i**3/3 + 5*i**2/2 - 3*i - 9. Let l be t(-7). Let g = l - -167. What is the greatest common factor of g and 24?
12
Suppose 4*q = 4*o + 4, o + 2*q + 2*q - 24 = 0. Let w be (18 + -15)/(6/o). Let g be 2/3*(-7 - -10). What is the highest common divisor of w and g?
2
Let r(a) = -a**3 - 40*a**2 - 130*a - 494. Let w be r(-38). What is the greatest common factor of w and 41?
41
Let h(d) = 37*d**2 - d + 4. Let t be h(1). Suppose 151*u - 141*u - t = 0. Suppose 3*n - 3 - 9 = 0. What is the greatest common factor of n and u?
4
Suppose -2*x + 104 = -x. Suppose -10*f + 11 = -49. Let o be (12/15)/(f/195). What is the highest common factor of x and o?
26
Let k be ((-25)/30 - (-79)/3)/(9/12). What is the highest common factor of 2822 and k?
34
Suppose -21 = p + 3*m, -3*m = 2*p + 2*m + 44. Let t be 4 - -4 - (-3 + p). What is the greatest common divisor of t and 304?
38
Let t be 3/5 + -4 + 1224/10. Let r be (3 + 1)/(7/t) - -2. What is the greatest common divisor of r and 105?
35
Suppose 0 = s + 5*u - 38, 5*u - 5 + 75 = 5*s. Let d(x) = -x**3 + 19*x**2 - 10*x - 4. Let h be d(s). What is the highest common factor of h and 56?
28
Let o(q) = -q**2 + 11*q + 23. Suppose 0 = 3*i + 5*u - 51, i + 3 = 2*i - 3*u. Let r be o(i). Let l = r + 4. Calculate the greatest common divisor of l and 5.
5
Suppose 5*y + 2*l = 1889 - 504, 0 = -5*y - 4*l + 1395. Suppose -6*u + 2*u + 2*z + 40 = 0, 4*u = -z + 46. Calculate the highest common divisor of u and y.
11
Let c(d) = 14*d**3 - 6*d**2 + 2*d + 2. Let x be c(4). Suppose -33*m = -978 - 1992. Calculate the greatest common divisor of x and m.
90
Let y be (-4)/(-14) - (-6363)/(-147). Let p = y - -48. Suppose 129 + 71 = p*h. What is the greatest common factor of 100 and h?
20
Suppose 0 = 4*q + 5*k + 19, -6*q - k + 5 = -3*q. What is the highest common divisor of 746 and q?
2
Suppose 0*f + 2*f = 10. Suppose 8*k - 13*k - 10 = -f*z, 8 = k + z. Let x be (-6)/(-2 - (-15)/8). What is the highest common factor of x and k?
3
Let h(z) = -5*z**3 + 7*z**2 + 2*z - 30. Let q be h(-3). What is the highest common factor of 8 and q?
2
Let q(s) = -33*s**3 + 3*s**2 - 3*s - 15. Let f be q(-5). Suppose 0*u = -7*u + f. Calculate the highest common factor of 40 and u.
40
Suppose 484 + 52 = 67*n. Suppose -36 + 12 = -2*j + 5*f, 3*j - 74 = -2*f. What is the greatest common factor of n and j?
2
Let z(l) = -107*l - 7. Let b be z(-2). Let g = -180 + b. What is the highest common divisor of 27 and g?
27
Let l = -7656 + 7733. Suppose -3*x = -4*x + 11. What is the greatest common divisor of x and l?
11
Let h = 9121 - 9110. Calculate the highest common divisor of h and 19349.
11
Suppose -32*q + 17*q + 435 = 0. Let h(r) = r**3 - 29*r**2 + 13*r - 3. Let p be h(q). Calculate the highest common divisor of 17 and p.
17
Suppose -2*j = j - 18. Suppose 12*q - 11*q + j = 0. Let m be q/24*(-4)/1. What is the greatest common divisor of 4 and m?
1
Suppose -65 = -5*a - y + 155, 0 = 3*a + 2*y - 132. Calculate the highest common divisor of 913 and a.
11
Let h be 1*(-14 + 6419) + 2. Calculate the highest common divisor of h and 149.
149
Let q(h) = -199*h - 3125. Let g be q(-17). What is the highest common divisor of 18 and g?
6
Let s(k) = -18*k + 1446. Let b be s(75). What is the highest common factor of 42 and b?
6
Let y = -428 + 495. Suppose 4*u = -c + y + 45, 4*u = -5*c + 592. Calculate the highest common factor of 160 and c.
40
Suppose 4*o - 88 = -2*j, -j + 32 = o + 2*j. Let r be 8*(-4)/o*-10 + -3. What is the greatest common factor of r and 91?
13
Let x = -64 + 80. Let f be (1804/x)/(-11)*-32. What is the greatest common divisor of 41 and f?
41
Let d = 22 + -14. Let q(l) = 15*l - 69. Let v be q(19). Let g be (v/d)/(1/1). Calculate the greatest common divisor of g and 27.
27
Suppose b + 3*i = 8, 2*b - 12 = b - 5*i. Let m = -4134 - -4144. Calculate the highest common factor of m and b.
2
Let f(u) = 25*u**2 + 203*u - 599. Let c be f(3). What is the greatest common divisor of 27730 and c?
235
Let h = 44420 - 42395. Calculate the highest common factor of h and 648.
81
Suppose -2*m - 207 = -3*x, -9*x + 438 = -4*m - 11*x. Let z = m - -189. What is the highest common divisor of z and 54?
27
Suppose 7*i + 324 = 11*i. Let x = -81 + i. Suppose 3*a - 30 = -x*a. What is the highest common factor of 5 and a?
5
Let a be (-261)/((-1)/2*2). Let h be (-45)/(-6)*(66/55 + 0). What is the greatest common divisor of h and a?
9
Let y be (-2)/(-8) - 415/(-20). Suppose 20*f + 5 = y*f. Suppose -3 = -v, 0*v = f*a - 3*v - 86. Calculate the highest common divisor of 19 and a.
19
Suppose 0 = -3*m - 3*w + 282, -m + 314 - 225 = -4*w. Calculate the highest common divisor of m and 9.
3
Let r be -1 + (-4 - -170 - (-3)/(-1)). What is the greatest common factor of 2916 and r?
162
Suppose -5*s = -3*r - 5988, 3*s - 3596 = 37*r - 32*r. Calculate the greatest common divisor of 114 and s.
57
Suppose 104 - 50 = 2*w. Let s(c) = -c**2 + c + 1. Let n be s(-4). Let m = w + n. Calculate the highest common factor of 56 and m.
8
Let y be 2/((744/(-152) - 2) + 7). Let i = 12 - -4. Suppose y*p = i*p + 456. What is the highest common factor of 19 and p?
19
Let m = -1 + -35. Let f be (-2250)/m*36/5. Suppose -f = -3*o - 6*o. Calculate the highest common divisor of o and 20.
10
Let b = 13279 + -12303. What is the greatest common divisor of b and 366?
122
Suppose 201 = 2*j + 4*q + 61, 3*q - 139 = -2*j. Let s be (13 - 141)*(36/(-8) - 4). What is the greatest common divisor of s and j?
68
Suppose z + 3*s = 36, -12 = -z + s + 4*s. Let i = 1255 + -746. Suppose -5*d = -i + 104. Calculate the highest common divisor of d and z.
27
Let z = -6508 + 6657. What is the highest common divisor of 6407 and z?
149
Let u = 119 + -84. Suppose 2*q - 148 + 84 = 0. Let f = 37 - q. Calculate the greatest common divisor of f and u.
5
Let i(t) = -4*t**3 - 18*t**2 + 9*t + 16. Let w be i(-8). Suppose 308*j - 306*j = w. Calculate the highest common factor of 5 and j.
5
Let t(y) = 2*y**2 + 159*y - 54. Let h be t(-81). What is the highest common divisor of 1197 and h?
63
Let g = -201 - -265. Suppose g = 4*j - 476. Calculate the highest common divisor of j and 5.
5
Let y = 2464 + -2455. Let s be ((-3)/(-5))/(5/825). Suppose o = i + s, -5*o = i - 376 - 119. What is the highest common factor of y and o?
9
Let v(m) = -2*m**2 - 224*m + 472. Let j be v(-114). What is the highest common divisor of 436 and j?
4
Let x(v) = 489*v**2 + 72*v - 45. Let a be x(3). Calculate the greatest common factor of 108 and a.
36
Suppose 13*i = 16*i + 27*i - 186660. What is the greatest common divisor of i and 61?
61
Let v = -3673 - -4321. Calculate the highest common factor of v and 297.
27
Suppose 0 = -c + 4*r - 35, -1918*c = -1917*c + r - 10. What is the highest common divisor of 19 and c?
1
Let w(x) be the third derivative of 2*x**5 + x**4/6 + x**3/2 + 2*x**2 - 47. Let m = -4 - -3. Let r be w(m). What is the greatest common divisor of r and 17?
17
Suppose 225*p - 148249 = 220*p - a, 5*a + 148285 = 5*p. What is the greatest common divisor of 149 and p?
149
Suppose 32 = n - c, -n - 2*c = 3*c - 26. Suppose -r + 15 = 2*r, 4*q + 3*r = n. Let i be (-10)/(-4)*q/2. Calculate the greatest common divisor of i and 15.
5
Let j(c) = -22*c - 33. Let d be j(-3). Suppose -804 = -2*u - 2*u. Suppose 4*f - 141 = -a + 122, 3*a + u = 3*f. Calculate the highest common divisor of f and d.
33
Let b = -347 + 567. Suppose -5*x + 39 = i - 143, 4*x + 16 = 0. Let z = i + -114. Calculate the highest common divisor of z and b.
44
Let p(s) = -422*s + 312. Let v be p(-4). What is the greatest common divisor of v and 24?
8
Suppose 0 = 4*s + 4*t - 22236, 2*t + 3569 = 2*s - 7561. What is the greatest common factor of s and 27?
27
Suppose 4*y = 7*q - 4*q - 12812, 5*y - 21435 = -5*q. What is the greatest common factor of q and 40?
40
Let v(n) = -28*n + 2015. Let o be v(65). Suppose 3*